s of n(-6)?
2, 3, 5, 7
Suppose p - 11 = 4*i, 4*p + 5*i - 2 = -42. Let s(t) = -52*t - 67. List the prime factors of s(p).
193
Suppose -52*v - 3*g - 81633 = -61*v, 0 = -5*v - 4*g + 45363. What are the prime factors of v?
47, 193
Let v be 1*3*136/102. Let j(o) = o**3 + 2*o**2 + 7*o + 4. List the prime factors of j(v).
2
Let v = -213 - -210. What are the prime factors of (v + 2)/(-3 - (-1414)/472)?
2, 59
Suppose 140*u = 3*u + 734420 + 658048. What are the prime factors of u?
2, 3, 7, 11
Let s = 14 + -4. Let t(w) = w**2 - w + 18. Let p be t(s). Let o = 152 - p. What are the prime factors of o?
2, 11
Let t = -9484 - -25370. List the prime factors of t.
2, 13, 47
Let g = 16179 + -10367. What are the prime factors of g?
2, 1453
Let z(k) = -3034*k + 6697. What are the prime factors of z(-10)?
7, 11, 13, 37
Suppose d - 12 = -3*f, 76 - 4 = 4*d + 4*f. Suppose w + 291 - d = l, -2*w - 1362 = -5*l. What are the prime factors of l?
2, 137
List the prime factors of (665/(-3) + (-3 - -4))*-147.
2, 7, 331
Suppose 4*u = -j + 18037 + 50007, 612692 = 9*j - u. What are the prime factors of j?
2, 3, 31, 61
Suppose 2*m - 11*m = 90. Let l be 138/4 + (-45)/m + -4. Suppose -3*n - 2*j = -l, n - 3*j + 39 = 4*n. List the prime factors of n.
3
Let t = -303 + 3750. List the prime factors of t.
3, 383
Let n = 886 + 4287. List the prime factors of n.
7, 739
Suppose 4*m - 2*u - 3 = -7*u, -m = u - 1. Suppose -m*s - 283 = -5*l, -15 = -3*s - 4*l - 497. Let j = -61 - s. What are the prime factors of j?
3, 31
Suppose 0 = 653*g - 597*g - 648144. What are the prime factors of g?
2, 3, 643
Let y(g) = g**3 - 33*g**2 - 6*g + 8. Let j be y(14). Let z = 7460 + j. List the prime factors of (-2)/4 - z/(-24).
2, 19
Suppose 0 = -2*p - 5*t - 19, 0 = -2*p + 9*t - 8*t + 11. Suppose 14*l = -p*w + 19*l + 2028, 4*w + 2*l - 2730 = 0. List the prime factors of w.
3, 227
Let g(x) = -x**3 + 8*x**2 + 2*x + 9. Let q be g(7). Let c be 18/(-16) + (-6 - (-441)/q). List the prime factors of (63/(-18))/(c/2).
7
Let v be 7 + 63/(-28) + 2/8. Suppose 4*l - 3*q = 3*l + 6, 0 = -v*l + 2*q + 43. Suppose 4*w = l*w - 1050. List the prime factors of w.
2, 3, 5, 7
Let m = 5965 - 715. List the prime factors of m.
2, 3, 5, 7
Let g = 594 - 369. Let n = -45 + g. List the prime factors of n.
2, 3, 5
Suppose 6*f + 7*f + 117 = 0. Let k(s) = -3*s**3 + 3*s**2 + s - 17. Let t be k(f). Suppose 11*q + 28 = t. List the prime factors of q.
2, 3
Let q(y) be the second derivative of -y**5/20 - 7*y**4/6 + 13*y**3/6 + 33*y**2 - 4*y + 2. What are the prime factors of q(-15)?
2, 3
List the prime factors of 36 + -13 - (-38963 - 1).
13, 2999
Let h = -91 + -63. Let y = 246 + h. What are the prime factors of (2 + 21/(-12))*y?
23
What are the prime factors of 2 - ((-102)/(-357) - (-496302)/(-7))?
2, 3, 13, 101
Let t(z) = z**3 + 24*z**2 + 3*z - 44. Suppose 4*q + 28 = -n, -74*q = -70*q + 4*n + 16. What are the prime factors of t(q)?
2, 239
Suppose 116*p - 115940 = 113*p + 4*s, 5*s = -4*p + 154535. List the prime factors of p.
2, 3, 5, 7, 23
Suppose -2077 = -h + 4156 + 4399. What are the prime factors of h?
2, 3, 443
Let u be ((-300)/50)/((-1)/149). Suppose 0 = -4*a - y + 1768, -a + 2*y + u = a. List the prime factors of a.
443
Let o = -11590 + 19571. List the prime factors of o.
23, 347
Let o be ((-9)/36)/((-3)/1884). List the prime factors of 1*(2 - (-6)/(-3)) + o.
157
Let a(g) = g**3 - 23*g**2 + 10*g - 50. Let r be a(23). Let i = r - -260. What are the prime factors of i?
2, 5, 11
What are the prime factors of (7/(-2) - 33/(-22)) + 7667?
3, 5, 7, 73
Suppose -4*i + 3*u = -51940, -3*i + 2918 = 3*u - 36037. What are the prime factors of i?
5, 7, 53
Suppose 0 = -5*v - 2*q - q + 243980, q - 195177 = -4*v. List the prime factors of v.
59, 827
Let k = -11132 + 16385. List the prime factors of k.
3, 17, 103
Let h = 28 - 25. Let i = h + 37. Suppose -i = -w + 47. List the prime factors of w.
3, 29
Suppose 3*p + 3*h - 113313 = 0, -4*h - 75512 = 32*p - 34*p. List the prime factors of p.
2, 23, 821
Let s = -233 - -333. Let l be 486/(-10) + (-40)/s. Let b = 70 + l. List the prime factors of b.
3, 7
Let s = 17764 + -10751. List the prime factors of s.
7013
Suppose 3 + 3 = 2*k. Suppose -5*l + 2394 = 2*y - 731, -1874 = -k*l - y. What are the prime factors of l?
7, 89
Let n = 1 - -3. Suppose 0 = 2*a + n*k, a - 3*k - 4 = -k. List the prime factors of (-4)/a + 0 + 15 - 0.
13
Let k = 13 - 10. Suppose 0 = k*w + 3*a - 588, 5*w - 394 = 3*w - 4*a. What are the prime factors of w - (-1)/1*1?
2, 7
Let h = 55191 - 31412. What are the prime factors of h?
7, 43, 79
Let n = 224 - 378. Let o be (1 - n) + (-10)/(-15)*-3. Suppose u + 0*v - 5*v = o, -5 = -5*v. List the prime factors of u.
2, 79
Suppose -261*l + 166*l = -1531210. List the prime factors of l.
2, 8059
Suppose 131*r + 5*r = 2676806 + 825602. List the prime factors of r.
7, 13, 283
Suppose 0 = 3*d - 8*d + 5*p + 5, 2*p - 7 = -d. Let f be 135/18*(d + -1). Let k = f + 14. What are the prime factors of k?
29
Let t(u) = -4*u + 22. Let i(k) = 6*k**2 - 5*k + 4. Let o be i(2). Suppose -o*f - 60 = -14*f. List the prime factors of t(f).
2, 41
Let i(u) be the first derivative of -u**3/3 + 5*u**2 - 12*u - 30. Let d be i(8). Let m(h) = 20*h - 48. What are the prime factors of m(d)?
2
Let d(u) = 2*u**2 - 30*u - 30. Let l be d(16). Let g(k) = 46*k**3 - 7*k**2 + 2*k - 1. What are the prime factors of g(l)?
7
Let v(o) = -11*o**3 - 3*o**2 - 2*o. Let i be v(-1). Let p(c) = -31*c + 25*c + 17*c. List the prime factors of p(i).
2, 5, 11
Let u(o) = -6*o**3 + o**2 + 6*o - 6. Let a(x) = 11*x**3 - x**2 - 11*x + 12. Suppose 9*b - 8*b = -7. Let d(f) = b*u(f) - 4*a(f). List the prime factors of d(-4).
2, 3, 11
List the prime factors of 32/40 + (-424853)/(-65).
3, 2179
Let p(k) = 53*k**2 + 15*k + 92*k**2 - 14*k + 46*k**2 + 2. What are the prime factors of p(2)?
2, 3
What are the prime factors of (-2083680)/(-35) - (-4)/14?
2, 17, 103
Let t = 107 - 280. Let g = 460 + t. What are the prime factors of g?
7, 41
Let g be -4 + 3 + 3 + -2. Suppose g = 2*o + 3 - 9. Suppose -72 = -o*b + 9. List the prime factors of b.
3
Let a(w) = 2710*w - 2570. What are the prime factors of a(3)?
2, 5, 139
Let z = -93 - -90. Let r be -1 - (-28848)/10 - z/15. Suppose -5*d = -19*d + r. List the prime factors of d.
2, 103
Let q be 2*((-1170)/(-12) - -1). Suppose 0 = -w - 2*p + 547, w + 4*p - 350 - q = 0. List the prime factors of w.
547
Let b = 2020 - -14808. List the prime factors of b.
2, 7, 601
Suppose -42622 + 35044 = -18*o + 52488. List the prime factors of o.
47, 71
Suppose 0 = 9*q + 2 - 56. Suppose 4 = -4*c + q*c. Suppose c = 2*v - 4*l - 106, 5*v - 5*l = 285. List the prime factors of v.
2, 3, 5
Let y be 560/(-12)*6/(-4). Suppose t + 103 = -4*k, -t - k - 48 = y. Let v = t - -189. What are the prime factors of v?
2, 3, 11
Suppose 5*o - s = 9*o - 1219, -5*s = 2*o - 587. Suppose -16*v = -19*v + o. List the prime factors of v.
2, 3, 17
Let r(i) = -i + 5. Let x be r(8). Let h be ((-550)/(-15))/((-2)/x). Suppose h = -2*v + 3*v. What are the prime factors of v?
5, 11
Let i(g) = 32*g + 8. Let b be i(1). Let s be 2*(6/(-4) - -3). List the prime factors of (-378)/(-105)*b/s.
2, 3
Suppose 10*d - 11*d - 3*d = -18976. List the prime factors of d.
2, 593
Suppose 419 = 3*g + 179. Let r = g - 160. Let p = r + 193. What are the prime factors of p?
113
Let f = 15216 + -12051. What are the prime factors of f?
3, 5, 211
Suppose -4*l + 2*a + 68294 = 0, -95*l - 2*a + 17091 = -94*l. List the prime factors of l.
17077
Let u be (7136/(-10))/(8 - (-294)/(-35)). What are the prime factors of ((-27)/18)/((-3)/u)?
2, 223
Suppose 211 = 41*s + 2835. List the prime factors of (-28)/(-3)*(-288)/s.
2, 3, 7
Suppose 3331*i = 3300*i + 254572. List the prime factors of i.
2, 2053
Suppose -3*s = 2*g - 5834, -16*s + 18*s - 3882 = -5*g. List the prime factors of s.
2, 7, 139
Let s = -207 - -74. Let p = 26 + -128. Let z = p - s. What are the prime factors of z?
31
Let y(a) = 2*a**3 - a**2 + 4. Let n be y(0). Let s be (-1)/((-1)/(-1))*n. List the prime factors of 12528/126 + s/(-7).
2, 5
Suppose 8*b - 60 = -4*b. Suppose 0 = -o + 4, o - 1480 = -b*t + 2089. What are the prime factors of t?
23, 31
Let z(r) be the third derivative of -r**4/24 + 33*r**3/2 + 24*r**2 + r. List the prime factors of z(14).
5, 17
Su